 is divided by 1042.
55
What is the remainder when 56715 is divided by 44?
43
What is the remainder when 145516 is divided by 474?
472
What is the remainder when 1131 is divided by 189?
186
What is the remainder when 4545 is divided by 286?
255
Calculate the remainder when 20267 is divided by 1058.
165
Calculate the remainder when 36847 is divided by 14.
13
What is the remainder when 119689 is divided by 27?
25
What is the remainder when 8210 is divided by 278?
148
What is the remainder when 18896 is divided by 84?
80
Calculate the remainder when 21475 is divided by 14.
13
What is the remainder when 9996 is divided by 657?
141
What is the remainder when 27026 is divided by 628?
22
What is the remainder when 3939 is divided by 3592?
347
What is the remainder when 54723 is divided by 5?
3
What is the remainder when 5791 is divided by 1537?
1180
Calculate the remainder when 10786 is divided by 22.
6
Calculate the remainder when 844 is divided by 824.
20
Calculate the remainder when 1257023 is divided by 25.
23
Calculate the remainder when 100393 is divided by 202.
201
Calculate the remainder when 3719 is divided by 182.
79
What is the remainder when 539216 is divided by 674?
16
Calculate the remainder when 4153 is divided by 11.
6
Calculate the remainder when 16692 is divided by 106.
50
What is the remainder when 48654 is divided by 507?
489
What is the remainder when 3670 is divided by 242?
40
What is the remainder when 54367 is divided by 75?
67
What is the remainder when 925965 is divided by 739?
737
What is the remainder when 179057 is divided by 26?
21
What is the remainder when 14683 is divided by 2102?
2071
Calculate the remainder when 75312 is divided by 124.
44
What is the remainder when 6757 is divided by 31?
30
Calculate the remainder when 140241 is divided by 57.
21
Calculate the remainder when 30208 is divided by 672.
640
Calculate the remainder when 155486 is divided by 31.
21
What is the remainder when 3242 is divided by 321?
32
What is the remainder when 70705 is divided by 4?
1
Calculate the remainder when 47950 is divided by 54.
52
What is the remainder when 3831 is divided by 1424?
983
What is the remainder when 5238 is divided by 46?
40
What is the remainder when 414629 is divided by 3?
2
What is the remainder when 154024 is divided by 302?
4
Calculate the remainder when 54939 is divided by 54794.
145
Calculate the remainder when 2496 is divided by 824.
24
What is the remainder when 495 is divided by 255?
240
Calculate the remainder when 102854 is divided by 559.
557
What is the remainder when 56376 is divided by 470?
446
What is the remainder when 86937 is divided by 60?
57
Calculate the remainder when 5183 is divided by 5176.
7
Calculate the remainder when 54835 is divided by 13708.
3
Calculate the remainder when 1331996 is divided by 240.
236
Calculate the remainder when 1331 is divided by 570.
191
What is the remainder when 34282 is divided by 12?
10
Calculate the remainder when 681153 is divided by 106.
103
What is the remainder when 6366007 is divided by 70?
67
What is the remainder when 229757 is divided by 6382?
5
Calculate the remainder when 2950 is divided by 1997.
953
Calculate the remainder when 2137 is divided by 159.
70
What is the remainder when 3117 is divided by 1322?
473
What is the remainder when 379871 is divided by 341?
338
Calculate the remainder when 3726 is divided by 3698.
28
What is the remainder when 198128 is divided by 79?
75
What is the remainder when 22270 is divided by 22149?
121
Calculate the remainder when 229852 is divided by 6.
4
Calculate the remainder when 2670 is divided by 542.
502
Calculate the remainder when 1811 is divided by 454.
449
What is the remainder when 6156 is divided by 2893?
370
Calculate the remainder when 7061 is divided by 177.
158
What is the remainder when 91161 is divided by 125?
36
What is the remainder when 6480 is divided by 1619?
4
What is the remainder when 55524 is divided by 3451?
308
What is the remainder when 1678 is divided by 417?
10
Calculate the remainder when 8063 is divided by 2090.
1793
What is the remainder when 282 is divided by 46?
6
What is the remainder when 84194 is divided by 84191?
3
Calculate the remainder when 30114 is divided by 884.
58
What is the remainder when 13922 is divided by 731?
33
Calculate the remainder when 201 is divided by 93.
15
Calculate the remainder when 34380 is divided by 694.
374
Calculate the remainder when 15332 is divided by 7648.
36
What is the remainder when 13397 is divided by 1404?
761
Calculate the remainder when 7475 is divided by 234.
221
What is the remainder when 65200 is divided by 115?
110
Calculate the remainder when 13832 is divided by 187.
181
What is the remainder when 20383 is divided by 21?
13
Calculate the remainder when 2481 is divided by 826.
3
Calculate the remainder when 52799 is divided by 1016.
983
What is the remainder when 13446 is divided by 6719?
8
Calculate the remainder when 21443 is divided by 30.
23
Calculate the remainder when 1715 is divided by 864.
851
What is the remainder when 13347 is divided by 135?
117
Calculate the remainder when 194568 is divided by 290.
268
What is the remainder when 59569 is divided by 774?
745
Calculate the remainder when 423211 is divided by 22.
19
What is the remainder when 661217 is divided by 70?
67
What is the remainder when 2956112 is divided by 40?
32
What is the remainder when 1544 is divided by 62?
56
Calculate the remainder when 60478 is divided by 224.
222
What is the remainder when 559704 is divided by 117?
93
What is the remainder when 30969 is divided by 95?
94
What is the remainder when 15879 is divided by 7880?
119
What is the remainder when 1439 is divided by 124?
75
Calculate the remainder when 25614 is divided by 32.
14
Calculate the remainder when 467609 is divided by 327.
326
Calculate the remainder when 33807 is divided by 8448.
15
Calculate the remainder when 1092461 is divided by 6.
5
What is the remainder when 828 is divided by 130?
48
What is the remainder when 103819 is divided by 122?
119
What is the remainder when 8914 is divided by 405?
4
Calculate the remainder when 13783 is divided by 120.
103
Calculate the remainder when 18764 is divided by 437.
410
Calculate the remainder when 13701 is divided by 34.
33
What is the remainder when 72005 is divided by 337?
224
Calculate the remainder when 11470 is divided by 602.
32
Calculate the remainder when 26138 is divided by 402.
8
Calculate the remainder when 6625 is divided by 1388.
1073
What is the remainder when 32682 is divided by 2970?
12
What is the remainder when 275899 is divided by 19?
0
What is the remainder when 2317163 is divided by 118?
115
What is the remainder when 1022 is divided by 103?
95
Calculate the remainder when 77753 is divided by 304.
233
What is the remainder when 107151 is divided by 133?
86
What is the remainder when 1781 is divided by 157?
54
What is the remainder when 3753 is divided by 54?
27
Calculate the remainder when 1834 is divided by 27.
25
What is the remainder when 9424 is divided by 1044?
28
What is the remainder when 6351 is divided by 104?
7
What is the remainder when 194473 is divided by 29?
28
What is the remainder when 3716 is divided by 469?
433
What is the remainder when 281336 is divided by 19?
3
Calculate the remainder when 97261 is divided by 7.
3
What is the remainder when 460494 is divided by 88?
78
What is the remainder when 189905 is divided by 269?
260
Calculate the remainder when 520698 is divided by 820.
818
Calculate the remainder when 44689 is divided by 111.
67
What is the remainder when 11543 is divided by 38?
29
Calculate the remainder when 53035 is divided by 4.
3
What is the remainder when 7353 is divided by 409?
400
Calculate the remainder when 58136 is divided by 735.
71
What is the remainder when 5973 is divided by 548?
493
What is the remainder when 461885 is divided by 16?
13
What is the remainder when 222861 is divided by 69?
60
What is the remainder when 1594371 is divided by 14?
9
Calculate the remainder when 305601 is divided by 11.
10
What is the remainder when 9048 is divided by 55?
28
What is the remainder when 31503 is divided by 534?
531
What is the remainder when 4937 is divided by 42?
23
Calculate the 